e greatest common divisor of 40 and s.
10
Let n(p) = p**3 + 39*p**2 - 47*p - 192. Let f be n(-40). Suppose -15 = -3*s + 51. Calculate the highest common factor of s and f.
22
Suppose 0 = 6*p - 20 - 10. Let i be p/(-5) + 71 - 0. What is the greatest common factor of i and 10?
10
Let x(p) = -11*p**3 + 16*p**2 - 2*p - 5. Let q be x(-5). What is the highest common divisor of q and 40?
20
Let n = 186 + -5. Suppose 0 = -5*h + n + 24. Suppose -40 = -h*w + 37*w. What is the greatest common factor of w and 90?
10
Let b be -6*48*(91/14)/(-13). Suppose 4*x = 455 - 71. Calculate the highest common divisor of b and x.
48
Let v be (33/(-21))/(9/(-63)). Suppose 14*g = v*g + 60. What is the highest common divisor of g and 100?
20
Let v be (-2 + 1)/((-2)/34). Suppose -5*d + 599 - 191 = k - 0*k + 3*k, 0 = 3*d. Calculate the highest common factor of v and k.
17
Suppose 6*d + 12 = f + d, -2*f + d = -6. Let b be (4/5)/(f/(-20)). Let o be 15/(-20) + (-510)/b. Calculate the greatest common divisor of 9 and o.
9
Suppose 211 = 4*i - 35*v + 32*v, 49 = i + 3*v. Calculate the greatest common factor of 4316 and i.
52
Suppose 810 = 7*i + 3*i. Let m = -33 + i. What is the greatest common divisor of 72 and m?
24
Let d(s) = -s**3 - 1129 + 2*s**2 + 1124 + s - 5*s**2. Let y be d(-5). Calculate the highest common divisor of y and 80.
40
Suppose 2*k - 285 = -f, -32 = -k - 2*f + 115. What is the greatest common factor of k and 231?
3
Suppose 92*c + 134 - 1271 = 887. What is the highest common divisor of 418 and c?
22
Suppose 176872 - 754749 = -43*j. Calculate the highest common factor of j and 89.
89
Suppose 35*s - 3680 = 12*s. Let z be 10*-12*8/(s/(-15)). What is the highest common divisor of z and 6?
6
Suppose 4*j - 12 = -0*j, 37 = b - j. Let l(d) = d**3 + 18*d**2 + 67*d + 26. Let k be l(-6). What is the greatest common divisor of k and b?
8
Let f(w) = -w**3 - 6*w**2 + 8*w + 24. Let p be -12 + (-4)/((-24)/30). Let n be f(p). What is the greatest common factor of 221 and n?
17
Let z(s) = 13*s**2 + 36*s - 1. Let l(j) = -j**3 - 18*j**2 - j - 23. Let f be l(-18). Let m be z(f). Calculate the highest common divisor of 32 and m.
16
Let k(x) = x**2 + 11*x - 25. Let i be k(-13). Let r be (-656)/(-24) + 1 - i/3. What is the highest common factor of r and 224?
28
Let i be (267495/30)/(-17) - 6/(-4). Let j = -504 - i. Let v be (14 + 1)*(-38)/(-6). Calculate the highest common divisor of v and j.
19
Let b be 6/15 - 54/(-15). Let r = b - 3. Let u be (-239)/(-2) - r/(-2). What is the highest common divisor of u and 30?
30
Let n = 735 - 164. Let x = n - 556. Calculate the greatest common divisor of x and 735.
15
Suppose 0 = -14*r - 0*r + 11102. What is the highest common factor of 78 and r?
13
Let p = -614 + 590. Let k be (-3)/(p/166) - 111/148. Calculate the greatest common divisor of 170 and k.
10
Let v = -28 + 30. Suppose -5*c = -0*r + r - 14, -v*c = -r. Suppose y + 6 = 4*i, -3*y = 2*y - 4*i - 2. Calculate the highest common divisor of y and c.
2
Let n be ((-35)/(-21))/(3/((-36)/(-10))). Suppose -262 = -2*i - n*z, -5*i - 4*z = -217 - 440. Let r = 8 + 11. What is the highest common factor of r and i?
19
Suppose 45 = -5*y - 3*b - 0*b, 0 = 5*b. Suppose 0*i + 2*f = 3*i, -3*i - 2*f = -12. Let t be (558/(-4))/y*i. Calculate the greatest common divisor of 341 and t.
31
Let m be (-3)/10*722 - 45/(-75). Let u = 269 + m. Calculate the greatest common divisor of u and 424.
53
Let v be 198 + -7 + (-48)/(-8). Let r = v + 23. What is the highest common divisor of 60 and r?
20
Let g = 25 + -2. Let k be ((-46)/24)/((-40)/(-360))*292/(-3). Calculate the greatest common factor of g and k.
23
Let c(r) = 2*r**2 + r + 1. Let h be c(-1). Let t(n) = 8*n**2 + 10*n + 49. Let j be t(-8). Let y = j + -476. What is the greatest common divisor of h and y?
1
Let z = 11225 + -8709. What is the greatest common divisor of z and 444?
148
Let y be (6496 + 2)/19 + 1. What is the greatest common factor of y and 1519?
49
Suppose 0 = b - 0 + 5, 2*c = -2*b + 14. Let z(v) = 65*v**3 + v**2 + v - 1. Let f be z(1). Calculate the greatest common factor of c and f.
6
Let n be 21/(-3) + (-10 - -587 - 0). Calculate the highest common divisor of n and 456.
114
Suppose -3*x - 2*m = -56, 328 = x - 10*m + 288. Suppose 0 = -2*a - 2*a + 56. What is the greatest common factor of x and a?
2
Let z be 166 - ((-7)/(-14))/((-6)/(-108)). What is the highest common factor of z and 1?
1
Let w(b) be the second derivative of 3*b**5/10 + b**4/12 - b**3/3 + b**2/2 - 33*b. Let d be w(1). Calculate the highest common divisor of d and 16.
2
Let h be (5 - (10 - (12 - 6)))*375. What is the highest common divisor of h and 1530?
15
Suppose -b = 4*b + 5*q, b + 2 = -3*q. Let j = 15 - b. Let y be (-170)/(-4) - (-1)/(-2). What is the greatest common divisor of y and j?
14
Let h(m) = -m**3 - 44*m**2 - 85*m - 28. Let w = -772 + 730. Let f be h(w). Calculate the greatest common divisor of 448 and f.
14
Suppose 60*b - 12 = 58*b. Let y(w) = -27*w**2 + 8 - w**3 - b*w + 12*w**2 + 0*w**3 + 8*w**2. Let u be y(-6). Calculate the highest common divisor of 104 and u.
8
Let o(v) = -292*v + 10028. Let c be o(34). Calculate the greatest common divisor of c and 3350.
50
Let l = 9 - 22. Let y = l + 34. Suppose i = -2*u + 16 + 28, u - 25 = -2*i. Calculate the highest common divisor of u and y.
21
Suppose 0*y + 806 = 5*v - 4*y, 2*v - 3*y = 321. Let o be 52 - (-1*1 - 19/(-19)). Suppose -o*m + 432 = -28*m. Calculate the greatest common factor of v and m.
18
Suppose -z = 3*z - 5*z. Suppose l - 3*l + 84 = z. Let p = l - 23. What is the greatest common factor of 19 and p?
19
Let k = -736 - -810. Let u = 362 + -103. What is the greatest common factor of k and u?
37
Let a = -13692 + 14407. What is the highest common factor of a and 11?
11
Let r(j) = -145*j + 1622. Let x be r(-22). Calculate the highest common divisor of x and 48.
12
Suppose -3*f + 3*a - 207 = 6*a, -3*f + 3*a = 189. Let p = -9 - f. Suppose 2*u = 3*w - 118, -w + 46 = -u - 3*u. What is the highest common factor of p and w?
19
Suppose 10*o - 7200 = -2503 + 12983. What is the greatest common factor of 12 and o?
4
Let o(m) = -m**3 - 6*m**2 + 64*m + 504. Let v be o(-8). What is the highest common factor of 8 and v?
8
Let c = 293 + 5406. Suppose 0 = 19*f - 14078 + c. Calculate the highest common factor of f and 49.
49
Let r be (5/(-3))/1*(-1380)/575. Suppose 4*u - 44*n - 46 = -46*n, 0 = u - r*n - 16. Let b be 5/(50/(-96))*-15. What is the greatest common divisor of b and u?
12
Let p(j) = -27*j**3 - 5*j**2 - j - 3. Let i be p(-3). Suppose -i = 697*k - 703*k. What is the highest common divisor of k and 190?
38
Suppose 3*f + z = 3*z + 75, -4*z - 69 = -3*f. Let k = f - 9. Let s be k/(-7)*28/(-6). What is the greatest common divisor of 96 and s?
12
Let m(o) = 39*o**3 + o**2 - o - 1. Let j be m(-1). Let w = j + 38. Suppose p = u + 27, -p = 4*u - w - 17. Calculate the highest common divisor of 25 and p.
25
Let n = 2 + 226. Let w(z) = 101*z - 760. Let x be w(8). Calculate the greatest common factor of x and n.
12
Let f(d) = 2*d**2 - 96*d - 972. Let b be f(-9). What is the greatest common factor of 6 and b?
6
Let l(k) = 10*k**2 - 77*k - 165. Let n be l(24). What is the highest common factor of n and 3?
3
Let b be -2 - (-6)/4*4/(-6). Let x be (-23)/b + -1 - (-4)/(-6). Let h = -90 + 138. Calculate the highest common factor of h and x.
6
Let j = 13 - -46. Let f be (-2)/(-9) - (-25572)/108 - 1. What is the greatest common factor of f and j?
59
Let s = -3911 + 4241. What is the greatest common divisor of 2915 and s?
55
Let j be (-17)/(-5) - (24/(-15))/(-4). Suppose -3*t = 7*d - j*d - 466, 2*t - 305 = 3*d. Calculate the highest common divisor of t and 22.
22
Let b = -9288 + 9392. Let i be ((-52)/(-3))/(4/18). What is the highest common divisor of b and i?
26
Suppose 115*y = 47*y + 54*y + 1064. Calculate the highest common divisor of 8854 and y.
38
Suppose 5*v - a - 9 = 0, -6 = v - 4*a - 4. What is the greatest common divisor of 117 and v?
1
Let h be 4/10 + 336/10. Suppose 9*v - 5*v + 2100 = 4*x, x = 5*v + 2637. Let b be (-16)/(v/567) + 4/(-22). What is the highest common factor of h and b?
17
Let k = 1231 + -1228. Suppose 5*v - 2*v = 39. Let c(q) = q**2 - 14*q + 16. Let n be c(v). What is the greatest common factor of k and n?
3
Suppose 3*x - 